digit of 10832213?
0
What is the hundreds digit of 99430?
4
What is the units digit of 9050793?
3
What is the hundreds digit of 133030?
0
What is the tens digit of 1141848?
4
What is the hundred thousands digit of 428392?
4
What is the millions digit of 1231052?
1
What is the millions digit of 12335153?
2
What is the hundreds digit of 563172?
1
What is the hundreds digit of 231653?
6
What is the units digit of 797055?
5
What is the tens digit of 16219680?
8
What is the thousands digit of 16162832?
2
What is the hundreds digit of 628033?
0
What is the thousands digit of 6945822?
5
What is the ten thousands digit of 466780?
6
What is the tens digit of 1494256?
5
What is the hundreds digit of 2376328?
3
What is the ten thousands digit of 6765883?
6
What is the hundreds digit of 398800?
8
What is the units digit of 129749?
9
What is the ten thousands digit of 938524?
3
What is the units digit of 304356?
6
What is the ten thousands digit of 208488?
0
What is the hundred thousands digit of 3558850?
5
What is the hundred thousands digit of 2164429?
1
What is the tens digit of 510278?
7
What is the units digit of 76835?
5
What is the thousands digit of 1440940?
0
What is the hundred thousands digit of 5614456?
6
What is the hundreds digit of 330654?
6
What is the thousands digit of 8135211?
5
What is the thousands digit of 20430?
0
What is the ten thousands digit of 2344489?
4
What is the tens digit of 18252720?
2
What is the thousands digit of 223863?
3
What is the hundred thousands digit of 12922526?
9
What is the units digit of 734583?
3
What is the units digit of 81608?
8
What is the thousands digit of 1793206?
3
What is the units digit of 1999292?
2
What is the ten thousands digit of 319614?
1
What is the tens digit of 442109?
0
What is the hundreds digit of 299175?
1
What is the units digit of 847910?
0
What is the hundred thousands digit of 135614?
1
What is the hundred thousands digit of 1827944?
8
What is the ten thousands digit of 2552548?
5
What is the units digit of 1091586?
6
What is the ten thousands digit of 246522?
4
What is the hundreds digit of 3769?
7
What is the thousands digit of 1180487?
0
What is the thousands digit of 25739474?
9
What is the thousands digit of 420068?
0
What is the thousands digit of 914605?
4
What is the hundred thousands digit of 9851626?
8
What is the hundreds digit of 1079144?
1
What is the hundred thousands digit of 367436?
3
What is the units digit of 1322193?
3
What is the units digit of 313875?
5
What is the hundreds digit of 143784?
7
What is the thousands digit of 165461?
5
What is the hundreds digit of 213306?
3
What is the hundred thousands digit of 307453?
3
What is the units digit of 245644?
4
What is the ten thousands digit of 487467?
8
What is the thousands digit of 32825?
2
What is the ten thousands digit of 38918633?
1
What is the thousands digit of 132362?
2
What is the millions digit of 2764773?
2
What is the thousands digit of 2390591?
0
What is the hundreds digit of 632336?
3
What is the hundred thousands digit of 2461084?
4
What is the thousands digit of 283979?
3
What is the ten thousands digit of 32306364?
0
What is the hundreds digit of 8984860?
8
What is the tens digit of 697077?
7
What is the ten thousands digit of 8608125?
0
What is the hundreds digit of 7379?
3
What is the units digit of 109095?
5
What is the millions digit of 2028173?
2
What is the hundred thousands digit of 14498195?
4
What is the units digit of 35691651?
1
What is the hundreds digit of 28381684?
6
What is the tens digit of 512001?
0
What is the hundred thousands digit of 39639659?
6
What is the units digit of 265118?
8
What is the millions digit of 2472889?
2
What is the ten thousands digit of 31211?
3
What is the hundred thousands digit of 860034?
8
What is the hundred thousands digit of 540206?
5
What is the hundreds digit of 294552?
5
What is the thousands digit of 232770?
2
What is the hundreds digit of 415145?
1
What is the units digit of 10094241?
1
What is the units digit of 1533719?
9
What is the tens digit of 1294723?
2
What is the thousands digit of 1289071?
9
What is the units digit of 546253?
3
What is the ten thousands digit of 6927412?
2
What is the hundreds digit of 3040678?
6
What is the tens digit of 282046?
4
What is the thousands digit of 1720911?
0
What is the units digit of 4907299?
9
What is the millions digit of 3463061?
3
What is the tens digit of 225268?
6
What is the hundred thousands digit of 260778?
2
What is the units digit of 6487?
7
What is the tens digit of 360858?
5
What is the ten thousands digit of 18024888?
2
What is the units digit of 227184?
4
What is the ten millions digit of 11130822?
1
What is the units digit of 301307?
7
What is the tens digit of 9017750?
5
What is the ten thousands digit of 1100203?
0
What is the ten thousands digit of 2325434?
2
What is the millions digit of 18218474?
8
What is the hundreds digit of 207724?
7
What is the units digit of 193828?
8
What is the hundred thousands digit of 182904?
1
What is the tens digit of 2029831?
3
What is the thousands digit of 2472419?
2
What is the units digit of 209178?
8
What is the hundreds digit of 1342994?
9
What is the thousands digit of 330450?
0
What is the millions digit of 2455694?
2
What is the hundreds digit of 318895?
8
What is the hundreds digit of 229153?
1
What is the thousands digit of 4204363?
4
What is the thousands digit of 2323461?
3
What is the thousands digit of 2176908?
6
What is the units digit of 21094513?
3
What is the thousands digit of 5070015?
0
What is the hundreds digit of 2432956?
9
What is the units digit of 118039?
9
What is the ten thousands digit of 11572463?
7
What is the thousands digit of 2441976?
1
What is the units digit of 286814?
4
What is the units digit of 771873?
3
What is the hundred thousands digit of 3526167?
5
What is the hundreds digit of 5982797?
7
What is the thousands digit of 452602?
2
What is the ten thousands digit of 461377?
6
What is the hundreds digit of 12084960?
9
What is the hundred thousands digit of 2107263?
1
What is the tens digit of 9959245?
4
What is the ten thousands digit of 231689?
3
What is the hundreds digit of 2605833?
8
What is the hundreds digit of 6295028?
0
What is the thousands digit of 304847?
4
What is the ten thousands digit of 232248?
3
What is the hundreds digit of 381718?
7
What is the hundred thousands digit of 410651?
4
What is the hundreds digit of 15479008?
0
What is the tens digit of 24206?
0
What is the ten thousands digit of 999604?
9
What is the units digit of 1967199?
9
What is the tens digit of 2113697?
9
What is the hundreds digit of 152777?
7
What is the hundred thousands digit of 1357367?
3
What is the hundred thousands digit of 2097519?
0
What is the hundreds digit of 33891?
8
What is the thousands digit of 947997?
7
What is the ten thousands digit of 4340903?
4
What is the tens digit of 70257?
5
What is the units digit of 109369?
9
What is the ten thousands digit of 265167?
6
What is the tens digit of 348106?
0
What is the hundred thousands digit of 20406498?
4
What is the hundred thousands digit of 147615?
1
What is the hundreds digit of 5729819?
8
What is the tens digit of 971504?
0
What is the units digit of 1585617?
7
What is the ten thousands digit of 475431?
7
What is the thousands digit of 5481884?
1
What is the hundreds digit of 32552492?
4
What is the hundreds digit of 441818?
8
What is the hundred thousands digit of 2100507?
1
What is the thousands digit of 60602?
0
What is the ten thousands digit of 274276?
7
What is the hundreds digit of 19680371?
3
What is the hundred thousands digit of 170646?
1
What is the hundreds digit of 745857?
8
What is the hundreds digit of 157073?
0
What is the tens digit of 64041?
4
What is the ten thousands digit of 3719088?
1
What is the hundred thousands digit of 7961109?
9
What is the ten thousands digit of 17666294?
6
What is the hundred thousands digit of 15996358?
9
What is the millions digit of 1542084?
1
What is the tens digit of 1612157?
5
What is the units digit of 95728?
8
What is the hundred thousands digit of 151115?
1
What is the tens digit of 1476369?
6
What is the units digit of 193576?
6
What is the hundreds digit of 80160?
1
What is the ten thousands digi